culate the remainder when 382 is divided by 11.
8
What is the remainder when 388 is divided by 100?
88
Calculate the remainder when 53589 is divided by 58.
55
Calculate the remainder when 1710 is divided by 191.
182
What is the remainder when 566 is divided by 26?
20
Calculate the remainder when 556 is divided by 80.
76
Calculate the remainder when 309 is divided by 78.
75
What is the remainder when 156 is divided by 41?
33
What is the remainder when 277 is divided by 31?
29
Calculate the remainder when 854 is divided by 66.
62
What is the remainder when 6332 is divided by 36?
32
Calculate the remainder when 878 is divided by 68.
62
What is the remainder when 2303 is divided by 256?
255
What is the remainder when 336 is divided by 143?
50
Calculate the remainder when 37 is divided by 5.
2
Calculate the remainder when 3649 is divided by 50.
49
Calculate the remainder when 1266 is divided by 10.
6
What is the remainder when 154 is divided by 73?
8
Calculate the remainder when 974 is divided by 467.
40
What is the remainder when 1073 is divided by 34?
19
What is the remainder when 452 is divided by 279?
173
Calculate the remainder when 91 is divided by 52.
39
What is the remainder when 210 is divided by 104?
2
What is the remainder when 52 is divided by 17?
1
Calculate the remainder when 181 is divided by 32.
21
Calculate the remainder when 35 is divided by 16.
3
Calculate the remainder when 213 is divided by 77.
59
What is the remainder when 601 is divided by 101?
96
Calculate the remainder when 187 is divided by 4.
3
What is the remainder when 186 is divided by 24?
18
What is the remainder when 350 is divided by 85?
10
Calculate the remainder when 29 is divided by 16.
13
Calculate the remainder when 1493 is divided by 26.
11
What is the remainder when 1562 is divided by 512?
26
What is the remainder when 2216 is divided by 728?
32
What is the remainder when 51 is divided by 27?
24
What is the remainder when 951 is divided by 34?
33
Calculate the remainder when 1090 is divided by 84.
82
Calculate the remainder when 165 is divided by 62.
41
What is the remainder when 380 is divided by 64?
60
What is the remainder when 32 is divided by 18?
14
What is the remainder when 1551 is divided by 1526?
25
What is the remainder when 545 is divided by 47?
28
What is the remainder when 230 is divided by 51?
26
What is the remainder when 89 is divided by 24?
17
Calculate the remainder when 8220 is divided by 25.
20
What is the remainder when 250 is divided by 70?
40
What is the remainder when 104 is divided by 18?
14
Calculate the remainder when 20987 is divided by 44.
43
Calculate the remainder when 1865 is divided by 55.
50
What is the remainder when 174 is divided by 25?
24
Calculate the remainder when 973 is divided by 109.
101
What is the remainder when 226 is divided by 79?
68
What is the remainder when 1014 is divided by 7?
6
What is the remainder when 3571 is divided by 13?
9
What is the remainder when 6802 is divided by 108?
106
What is the remainder when 78 is divided by 28?
22
Calculate the remainder when 597 is divided by 46.
45
Calculate the remainder when 103 is divided by 31.
10
What is the remainder when 59 is divided by 5?
4
Calculate the remainder when 61 is divided by 43.
18
What is the remainder when 979 is divided by 319?
22
Calculate the remainder when 153 is divided by 24.
9
What is the remainder when 681 is divided by 19?
16
Calculate the remainder when 9540 is divided by 50.
40
Calculate the remainder when 634 is divided by 49.
46
Calculate the remainder when 1758 is divided by 71.
54
What is the remainder when 1451 is divided by 12?
11
Calculate the remainder when 207 is divided by 15.
12
Calculate the remainder when 213 is divided by 79.
55
What is the remainder when 777 is divided by 28?
21
What is the remainder when 44 is divided by 34?
10
Calculate the remainder when 53 is divided by 11.
9
Calculate the remainder when 49031 is divided by 216.
215
Calculate the remainder when 374 is divided by 53.
3
Calculate the remainder when 120 is divided by 28.
8
What is the remainder when 2853 is divided by 102?
99
Calculate the remainder when 727 is divided by 52.
51
What is the remainder when 15038 is divided by 13?
10
What is the remainder when 630 is divided by 48?
6
What is the remainder when 75 is divided by 13?
10
Calculate the remainder when 1598 is divided by 89.
85
What is the remainder when 1961 is divided by 196?
1
What is the remainder when 1102 is divided by 65?
62
Calculate the remainder when 125 is divided by 22.
15
Calculate the remainder when 415 is divided by 52.
51
Calculate the remainder when 1947 is divided by 130.
127
Calculate the remainder when 15 is divided by 14.
1
What is the remainder when 266 is divided by 31?
18
Calculate the remainder when 1578 is divided by 430.
288
Calculate the remainder when 516 is divided by 276.
240
Calculate the remainder when 459 is divided by 104.
43
Calculate the remainder when 85 is divided by 14.
1
Calculate the remainder when 270 is divided by 55.
50
What is the remainder when 76 is divided by 9?
4
Calculate the remainder when 1252 is divided by 1247.
5
What is the remainder when 1479 is divided by 20?
19
Calculate the remainder when 43247 is divided by 48.
47
What is the remainder when 1103 is divided by 12?
11
What is the remainder when 103 is divided by 72?
31
What is the remainder when 534 is divided by 122?
46
What is the remainder when 252 is divided by 23?
22
Calculate the remainder when 71 is divided by 5.
1
What is the remainder when 176 is divided by 58?
2
What is the remainder when 1423 is divided by 21?
16
What is the remainder when 844 is divided by 424?
420
What is the remainder when 1084 is divided by 329?
97
What is the remainder when 1415 is divided by 118?
117
Calculate the remainder when 348 is divided by 81.
24
What is the remainder when 74 is divided by 3?
2
Calculate the remainder when 4846 is divided by 37.
36
Calculate the remainder when 103 is divided by 47.
9
Calculate the remainder when 37 is divided by 17.
3
Calculate the remainder when 957 is divided by 242.
231
What is the remainder when 222 is divided by 25?
22
Calculate the remainder when 2885 is divided by 721.
1
What is the remainder when 417 is divided by 123?
48
What is the remainder when 1899 is divided by 189?
9
What is the remainder when 62 is divided by 8?
6
What is the remainder when 1830 is divided by 23?
13
Calculate the remainder when 51 is divided by 19.
13
What is the remainder when 157 is divided by 35?
17
Calculate the remainder when 16600 is divided by 405.
400
Calculate the remainder when 20 is divided by 13.
7
Calculate the remainder when 1476 is divided by 41.
0
Calculate the remainder when 165 is divided by 6.
3
What is the remainder when 22 is divided by 6?
4
What is the remainder when 1176 is divided by 373?
57
What is the remainder when 154 is divided by 12?
10
Calculate the remainder when 2928 is divided by 418.
2
What is the remainder when 1651 is divided by 14?
13
Calculate the remainder when 670 is divided by 15.
10
Calculate the remainder when 335 is divided by 14.
13
Calculate the remainder when 280 is divided by 46.
4
Calculate the remainder when 232 is divided by 83.
66
Calculate the remainder when 64 is divided by 29.
6
What is the remainder when 286 is divided by 87?
25
Calculate the remainder when 291 is divided by 101.
89
Calculate the remainder when 46 is divided by 8.
6
What is the remainder when 416 is divided by 105?
101
Calculate the remainder when 3568 is divided by 34.
32
Calculate the remainder when 1402 is divided by 471.
460
What is the remainder when 390 is divided by 184?
22
What is the remainder when 735 is divided by 10?
5
Calculate the remainder when 1127 is divided by 141.
140
Calculate the remainder when 2587 is divided by 88.
35
Calculate the remainder when 804 is divided by 333.
138
Calculate the remainder when 215 is divided by 62.
29
Calculate the remainder when 44 is divided by 6.
2
Calculate the remainder when 11286 is divided by 12.
6
What is the remainder when 640 is divided by 10?
0
Calculate the remainder when 159 is divided by 16.
15
What is the remainder when 562 is divided by 186?
4
What is the remainder when 195 is divided by 66?